 is divided by f.
12
Let s be 2 + (-112)/49 - 144/(-14). Let v = s - -26. What is the remainder when v is divided by 19?
17
Suppose l = -4*l + 10. Suppose -10 = 5*u, -u = -g - 2*g + 116. Suppose 0 = 4*c - l*c - g. Calculate the remainder when 71 is divided by c.
14
Let d(x) = -x**2 + 13*x - 11. Let q be d(12). Let a be 135 - (3 + -3 - q). Suppose 0 = 2*b + 20 - a. Calculate the remainder when b is divided by 20.
18
Suppose -5*v + 66 = 4*t, 2*t = 5*v + 11 - 53. Let o = 361 - 353. Calculate the remainder when v is divided by o.
2
Let l be (-2 - -3) + 0 + 4. Suppose z + 13 = -w + 4*w, -4*w + 43 = -l*z. Let v = z - -13. Calculate the remainder when 22 is divided by v.
4
Let p(z) = 3*z**2 - 1. Let w be p(3). Suppose -4*l + 58 - w = 0. What is the remainder when 14 is divided by l?
6
Let g = -337 - -316. Let r = -42 - -28. Let b = r - g. Calculate the remainder when 32 is divided by b.
4
Let x(c) = 5*c**2 - 209*c - 30. What is the remainder when 20 is divided by x(42)?
8
Suppose 31*l - 12*l = 4465. What is the remainder when l is divided by 34?
31
Let u(m) = m - 1. Let b be u(-3). Let g be 3*21 - (b - -2). Suppose -g = -w - 4*w. What is the remainder when 37 is divided by w?
11
Suppose 7*l - 3*l - 24 = 0. Suppose -291*s + 456 = -285*s. What is the remainder when s is divided by l?
4
Let k = 105 - 87. Let l be 178/14 - 8/(-28). Let o = 20 - l. What is the remainder when k is divided by o?
4
Suppose -3*q + 8*q = 0. Let t be (-1 - 1)/2*q. Suppose -c - c + 78 = t. Calculate the remainder when c is divided by 10.
9
Suppose 7*i - 26 = 5*i. Suppose 20 = -x - i. Let o = x + 51. What is the remainder when o is divided by 7?
4
Let v be (-986)/(-30) + (-38)/(-285). Let p = -34 + v. Let b = p - -12. Calculate the remainder when 43 is divided by b.
10
Suppose -2*w = 3*s - 70, -5*w + 6*w + 4 = 0. What is the remainder when 608 is divided by s?
10
Suppose 3 + 12 = 5*t. Suppose -8*k + t*k = -60. What is the remainder when k is divided by 8?
4
Suppose 3 = -l + 4*l, -3*l - 233 = -o. What is the remainder when o is divided by 8?
4
Suppose -12*n - 3008 = -59*n. Calculate the remainder when 383 is divided by n.
63
Suppose -4 + 272 = 2*x. Calculate the remainder when x is divided by 48.
38
Suppose 4*y + 3*o + 92 = 941, -2*o + 854 = 4*y. What is the remainder when y is divided by 81?
54
Let b = 113 - 101. Suppose -4*t = -5*t - 2*o + 35, -2*o = -3*t + 97. What is the remainder when t is divided by b?
9
Let c(t) = -2*t + 10. Let f be c(5). Let k(r) = -r + 21. What is the remainder when 80 is divided by k(f)?
17
Let b = -1065 + 1099. What is the remainder when 108 is divided by b?
6
Suppose 2*o + 8 = 0, -1 = -3*x - o + 4. Suppose 0 = -z - x*z + 812. What is the remainder when z is divided by 34?
33
Suppose 5*y = 4*x + x - 175, 0 = 2*x + y - 82. Let j = x - -24. Let g(f) = 2*f**2 - 5*f - 69. Calculate the remainder when j is divided by g(-6).
30
Let a = 17 + 0. Let f = 24 - a. What is the remainder when f is divided by 2?
1
Let j be 1/(0 + (-2)/36). Let h = j - -22. Suppose -b + 2 = -2*b, h*p - 2*b - 420 = 0. Calculate the remainder when p is divided by 35.
34
Suppose -22 = -7*v + 6. Suppose -5*z + v*z = -23. Calculate the remainder when 39 is divided by z.
16
Let n(j) = 3*j + 1. Let h(w) = w + 8. Let b be h(-7). Let z be n(b). Suppose -4*x + 2 + z = q, 0 = -3*x - 3*q. What is the remainder when 4 is divided by x?
0
Let q(h) = -h**2 - 3*h + 3. Let d be q(-3). Suppose -c - d*c = -64. What is the remainder when 4 is divided by -4*(0 - 12/c)?
1
Let b = -55 + 57. Suppose 4*y + 89 = f, -b*f - 3*y - y = -142. Calculate the remainder when f is divided by 40.
37
Suppose v - 2*q - 24 = 0, -39*v + 44*v = -5*q + 180. What is the remainder when 63 is divided by v?
31
Let w(a) = a - 8. Let l be w(-2). Calculate the remainder when 7 is divided by (-8)/16 + l/(-4).
1
Let j = 77 + -40. Let f = -221 + 403. Calculate the remainder when f is divided by j.
34
Suppose 116 + 928 = 9*b. What is the remainder when b is divided by 34?
14
Calculate the remainder when ((-1)/3)/((-2)/5604*2) is divided by 26.
25
Let z = 15 + 0. Let r = -2829 - -2840. Calculate the remainder when z is divided by r.
4
Let u(q) = -q**2 + 26*q + 22. Let s be u(11). Calculate the remainder when 307 is divided by 1/3*s + (-1)/3.
59
Let q(d) = 15*d + 204. Calculate the remainder when q(17) is divided by 10.
9
Let o = 99 - 82. Suppose -6*v = -o*v + 1199. Calculate the remainder when v is divided by 28.
25
Suppose 4*c - 812 = 4*m - 0*m, 2*m = -c + 212. What is the remainder when 46 is divided by 6/(-8) + c/8?
21
Let d(h) = 5*h + 1. Let a be d(1). Suppose 5*r = 3*m - 24, r = -2*m + 35 - a. What is the remainder when 49 is divided by m?
10
Suppose 4*r + 108 = -5*s - 0*r, -4*r + 52 = -3*s. Let w be 110/4*(-24)/s. Suppose -l + w = 10. Calculate the remainder when l is divided by 8.
7
Suppose 5*t = 0, -3*t - 40 = -5*s - 6*t. Let g(b) = b**2 + b - 43. What is the remainder when g(-9) is divided by s?
5
Let z(s) = -s**2 + 34*s + 120. What is the remainder when z(15) is divided by 34?
31
Suppose 5*c + 50 = 5*z, -z + 2*c = 6 - 14. Let l(r) = -r**3 + 12*r**2 - 12*r + 1. What is the remainder when l(10) is divided by z?
9
Suppose 0 = 2*a - 14 - 4. Suppose -r = r - 80. Suppose 2*c = r + 28. What is the remainder when c is divided by a?
7
Let h = 1298 - 1257. Suppose 2*r = o + 6, -2*r + 22 = -2*o + 5*o. Suppose r*d - 15 = 55. What is the remainder when h is divided by d?
13
Let y = -340 + 1108. What is the remainder when y is divided by 10?
8
Let a = 192 + -152. Calculate the remainder when 191 is divided by a.
31
Let d(q) = -q**3 + 4*q**2 + 16*q - 19. What is the remainder when 391 is divided by d(4)?
31
Suppose 0 = -7*n + 2*n - 4*a + 831, -1 = a. Suppose 3*v - 4*h - 557 = -71, 3*h = v - n. What is the remainder when v is divided by 27?
23
Suppose -3*i - 3*i + 6762 = 0. What is the remainder when i is divided by 47?
46
Let j be 2/(-4) + (-1)/2 + 579. Suppose 6 + j = 8*o. Suppose 0 = -d - 1, -59 + 8 = -2*v + d. What is the remainder when o is divided by v?
23
Let c be ((-1)/(-2))/((-6)/(-36)). Suppose -22 = -n + c*w, 0*n + 3*w + 50 = 5*n. What is the remainder when (-112)/(-6) + 4/(-6) is divided by n?
4
Let i be -3*1/(-3)*3. Suppose -60 = -3*c + i. Calculate the remainder when c is divided by 11.
10
Calculate the remainder when (90420/(-9))/(-11) - (-4)/(-12) is divided by 61.
59
Suppose 338 = 4*k + 3*x, 5*k - 168 = 3*k - x. Calculate the remainder when 208 is divided by k.
42
Suppose h + 3*s + s = -230, -3*h = -3*s + 765. Let y = -139 - h. What is the remainder when y is divided by 38?
35
Let k = 317 - 85. Suppose 0 = -5*h - 72 + k. What is the remainder when 126 is divided by h?
30
Suppose 0*r + 288 = 2*r. Suppose 2*w - 4*k = -2*w + 148, 2*k - 111 = -3*w. What is the remainder when r is divided by w?
33
Suppose 0 = b - 5 + 1. Suppose 3*g - 91 = -b*t, 4*g - 3*g = -3*t + 62. Calculate the remainder when t is divided by 8.
3
Let p(z) = z**3 + 21*z**2 + 22*z + 3. Let b be -20*(2/2)/1. Let s be p(b). Calculate the remainder when (-1)/(3/(-9)) - s is divided by 14.
12
Let s be -4*(12/(-8) + 0). Suppose 264 = -4*w + s*w. Suppose -r = -4*r + w. Calculate the remainder when r is divided by 15.
14
Suppose -d = -8 - 3. Suppose -d*l + 5*l + 78 = 0. What is the remainder when 23 is divided by l?
10
Suppose -5*d + 270 = -o, 60*d + o - 162 = 57*d. What is the remainder when 1024 is divided by d?
52
Let r = -299 - -419. Suppose -4*y = -2*y - r. Calculate the remainder when y is divided by 16.
12
Let v(z) = -z - 18. Let r be v(-8). Let h = -1 - r. Calculate the remainder when h is divided by 6.
3
Let o(g) = 25*g**2 + 6 - 50*g**2 + 27*g**2. Let x = -29 + 44. Calculate the remainder when o(5) is divided by x.
11
Suppose 0 = 5*j + 3*f - 545, -109 = -0*j - j + 5*f. What is the remainder when j is divided by 37?
35
Let x(y) = 7*y**2 - 6*y + 2. Suppose -3*t + 2*t = -3. Suppose 9 = i - t*z, -3*i - z - 14 = -7*i. Calculate the remainder when x(i) is divided by 12.
11
Suppose 4*z - 931 = -195. Suppose -6*b + z = 28. What is the remainder when b is divided by 7?
5
Let k = -675 + 888. What is the remainder when k is divided by 43?
41
Suppose 4*n + c = 4*c + 53, -2*n = -5*c - 37. Let h(v) = v**2 - 8*v - 11. Calculate the remainder when 41 is divided by h(n).
19
